0.
5
Calculate the highest common factor of 3720 and 614700.
60
What is the greatest common divisor of 175 and 6480901?
7
Calculate the highest common factor of 1770 and 4050822.
354
Calculate the highest common divisor of 2052 and 3476736.
108
Calculate the greatest common divisor of 43365 and 9825.
15
What is the highest common divisor of 2073 and 13182207?
2073
What is the highest common divisor of 306 and 2135146671?
153
Calculate the greatest common factor of 43686315 and 1215.
45
What is the highest common factor of 2169 and 102843?
9
Calculate the greatest common divisor of 39 and 127067694.
39
Calculate the greatest common divisor of 507740976 and 1296.
144
Calculate the greatest common divisor of 56 and 222155423.
7
What is the highest common divisor of 44857 and 9474956?
1447
Calculate the greatest common divisor of 81094 and 24674.
26
Calculate the highest common divisor of 4306646 and 6962.
118
Calculate the greatest common divisor of 49506 and 53835.
111
Calculate the greatest common factor of 424547545 and 5055.
1685
What is the greatest common divisor of 187346 and 7?
1
Calculate the highest common divisor of 3535 and 8001595.
35
What is the highest common divisor of 2349 and 5424228?
9
What is the highest common factor of 111780984 and 504?
168
What is the highest common divisor of 250794973 and 1144?
143
Calculate the greatest common divisor of 20376 and 129013191.
2547
Calculate the greatest common factor of 187615 and 327430.
1195
What is the highest common factor of 3183324928 and 6752?
6752
What is the highest common divisor of 3804777 and 207?
9
Calculate the highest common factor of 108 and 365217228.
108
Calculate the highest common factor of 283074 and 5478.
66
Calculate the highest common divisor of 40624682 and 6972.
1162
Calculate the greatest common factor of 1242335853 and 22.
11
Calculate the highest common divisor of 319731 and 64616.
197
Calculate the greatest common factor of 46098 and 73284.
1182
What is the greatest common divisor of 37537144 and 1784?
1784
Calculate the highest common factor of 4510 and 1362430.
410
Calculate the highest common factor of 2282 and 4871356.
14
What is the highest common divisor of 83331 and 99405?
423
What is the greatest common factor of 17105 and 683749?
11
Calculate the highest common divisor of 168220 and 2834.
26
Calculate the greatest common factor of 5420 and 59405.
5
Calculate the highest common factor of 982838 and 37558.
422
Calculate the highest common factor of 10639212 and 1020.
204
What is the greatest common divisor of 6966 and 26918?
86
Calculate the greatest common factor of 14071278 and 198.
6
What is the highest common divisor of 13528 and 4162064?
152
What is the greatest common divisor of 229160975 and 215?
215
What is the greatest common divisor of 1763669078 and 94?
94
Calculate the highest common factor of 2685345 and 195.
195
What is the greatest common factor of 4350 and 6545126?
58
Calculate the highest common divisor of 6838793 and 46215.
1027
Calculate the greatest common divisor of 20103380 and 275.
55
What is the greatest common divisor of 104 and 10366187?
13
Calculate the greatest common divisor of 41489378 and 126.
14
Calculate the highest common factor of 1807 and 188643.
13
What is the highest common divisor of 372 and 22651359?
93
Calculate the greatest common factor of 30 and 5061132.
6
What is the greatest common factor of 6869009 and 14?
7
What is the greatest common factor of 3588823 and 24381?
301
Calculate the greatest common factor of 6842632 and 72.
8
What is the highest common divisor of 84784 and 38556?
28
What is the greatest common divisor of 125 and 56309100?
25
What is the highest common divisor of 12520314 and 69?
3
Calculate the highest common factor of 24816 and 1370960.
16
What is the greatest common divisor of 3371348 and 1640?
164
Calculate the highest common factor of 11514 and 53573430.
606
What is the greatest common factor of 151608 and 436?
4
What is the highest common divisor of 1471954 and 198858?
506
What is the greatest common divisor of 16476428 and 74?
2
What is the highest common divisor of 62489280 and 714?
714
Calculate the greatest common factor of 533074 and 2279.
53
What is the highest common factor of 606881 and 6787?
11
Calculate the greatest common factor of 12034524 and 12.
12
Calculate the greatest common divisor of 47205 and 290001295.
5245
Calculate the highest common divisor of 83472 and 339882.
222
Calculate the greatest common divisor of 630 and 6249110.
70
Calculate the greatest common divisor of 1652861 and 658595.
4249
What is the greatest common factor of 1980 and 8787735?
495
What is the greatest common divisor of 1137192 and 744?
24
Calculate the greatest common divisor of 6572 and 58869.
31
What is the greatest common factor of 3216 and 2000208?
48
What is the greatest common factor of 68 and 8948222?
34
Calculate the highest common factor of 28382 and 20857685.
617
Calculate the greatest common factor of 137507653 and 17705.
3541
Calculate the greatest common factor of 805 and 142110790.
115
What is the greatest common divisor of 2228650 and 450?
50
What is the highest common factor of 22126272 and 27?
3
Calculate the greatest common divisor of 2315 and 532093490.
2315
Calculate the greatest common divisor of 4175 and 27007073.
167
Calculate the greatest common divisor of 126 and 8365812.
42
Calculate the greatest common factor of 36598 and 2072835.
631
What is the greatest common divisor of 1781457 and 35717?
191
What is the greatest common factor of 475 and 4325065?
95
What is the greatest common factor of 1016063 and 6042?
1007
What is the highest common factor of 2561 and 3478823?
197
Calculate the highest common divisor of 440 and 3095810.
10
What is the highest common factor of 78018895 and 206?
103
Calculate the greatest common divisor of 10068 and 62588.
4
What is the greatest common divisor of 822723 and 254232?
3531
What is the highest common factor of 42 and 161471142?
42
Calculate the greatest common factor of 345841878 and 348.
174
Calculate the greatest common divisor of 23055 and 113709.
87
Calculate the greatest common divisor of 58352965 and 55.
55
What is the greatest common factor of 80118334 and 623?
89
What is the greatest common factor of 45178 and 6988282?
98
What is the highest common divisor of 27354 and 33407382?
582
What is the greatest common divisor of 2695680 and 416520?
4680
What is the highest common divisor of 5908038 and 62768?
7846
What is the highest common divisor of 3069 and 63420951?
33
Calculate the highest common factor of 644775 and 600.
75
Calculate the greatest common divisor of 8502870 and 1840.
230
What is the greatest common factor of 208 and 25648402?
26
Calculate the highest common factor of 44 and 2300069046.
22
What is the greatest common divisor of 4 and 225459684?
4
Calculate the greatest common factor of 3535 and 235550.
35
What is the highest common divisor of 743833090 and 1365?
455
What is the highest common divisor of 13628648 and 4752?
88
What is the greatest common factor of 502 and 6144?
2
Calculate the greatest common divisor of 10785957 and 819.
273
Calculate the highest common factor of 272889621 and 948.
237
Calculate the highest common factor of 1639 and 37265943.
1639
Calculate the greatest common divisor of 4779050 and 1275.
25
Calculate the greatest common factor of 24640 and 349965.
385
Calculate the greatest common divisor of 546 and 653891056.
182
Calculate the highest common divisor of 6916 and 320131.
133
Calculate the highest common factor of 886 and 1903364562.
886
Calculate the greatest common factor of 79479454 and 604.
302
Calculate the highest common divisor of 475022 and 2837058.
4358
What is the highest common factor of 424 and 34428747?
53
Calculate the highest common factor of 226826461 and 17.
17
Calculate the highest common divisor of 28541448 and 104.
104
What is the highest common factor of 178072 and 376?
8
What is the greatest common divisor of 4426918 and 21076?
958
What is the highest common divisor of 16005336 and 216?
24
What is the highest common divisor of 2243496 and 1408?
8
What is the greatest common divisor of 9024 and 59932050?
282
What is the greatest common divisor of 407851333 a